tors of 33985165?
5, 6797033
List the prime factors of 18883456.
2, 151, 977
What are the prime factors of 120746503?
37, 461, 7079
List the prime factors of 2696974543.
2696974543
What are the prime factors of 68956687?
68956687
What are the prime factors of 459427119?
3, 153142373
List the prime factors of 6306632892.
2, 3, 7, 1789, 4663
What are the prime factors of 65515258?
2, 2953, 11093
List the prime factors of 416136720.
2, 3, 5, 1733903
List the prime factors of 143067637.
143067637
What are the prime factors of 167453425?
5, 277, 24181
List the prime factors of 447768.
2, 3, 691
List the prime factors of 1050149441.
11, 41, 211681
List the prime factors of 175799713.
175799713
What are the prime factors of 771799348?
2, 79, 2442403
What are the prime factors of 131801248?
2, 53, 77713
List the prime factors of 241675099.
23, 251, 41863
What are the prime factors of 29776837?
29776837
What are the prime factors of 415320644?
2, 4259, 24379
List the prime factors of 879581281.
29, 30330389
What are the prime factors of 3964407692?
2, 7, 6079, 23291
What are the prime factors of 522346386?
2, 3, 17, 503, 10181
List the prime factors of 349995976.
2, 11, 1669, 2383
What are the prime factors of 45471903?
3, 271, 55931
List the prime factors of 903750054.
2, 3, 71, 2121479
List the prime factors of 13574289.
3, 467, 9689
List the prime factors of 114128787.
3, 38042929
List the prime factors of 8448450802.
2, 11, 384020491
List the prime factors of 24921832.
2, 13, 239633
What are the prime factors of 161662636?
2, 40415659
What are the prime factors of 2550835113?
3, 109, 1553, 5023
What are the prime factors of 44008808?
2, 59, 93239
List the prime factors of 135170308.
2, 7, 13, 47, 7901
List the prime factors of 400753358.
2, 19, 1579, 6679
What are the prime factors of 3366823022?
2, 113, 14897447
What are the prime factors of 499319847?
3, 13, 37, 115343
What are the prime factors of 269229772?
2, 7, 19, 506071
List the prime factors of 168805832.
2, 13, 23, 70571
What are the prime factors of 408338869?
408338869
What are the prime factors of 76326356?
2, 1447, 13187
What are the prime factors of 177617837?
29, 6124753
What are the prime factors of 551137485?
3, 5, 631, 58229
What are the prime factors of 416089134?
2, 3, 23116063
What are the prime factors of 718025650?
2, 5, 14360513
What are the prime factors of 70029646?
2, 1931, 18133
List the prime factors of 96474553.
7, 613, 22483
What are the prime factors of 2312013054?
2, 3, 13, 4159, 7127
What are the prime factors of 998065077?
3, 107, 619, 5023
What are the prime factors of 1174065724?
2, 13, 127, 139, 1279
List the prime factors of 8345419.
17, 281, 1747
What are the prime factors of 169375748?
2, 42343937
List the prime factors of 13018615.
5, 2603723
List the prime factors of 680620280.
2, 5, 19, 895553
List the prime factors of 36914073.
3, 7, 1757813
What are the prime factors of 65734073?
139, 472907
What are the prime factors of 127268718?
2, 3, 4493, 4721
What are the prime factors of 1005332396?
2, 617, 407347
What are the prime factors of 154162500?
2, 3, 5, 4111
What are the prime factors of 353625645?
3, 5, 59, 399577
What are the prime factors of 160577808?
2, 3, 73, 45827
What are the prime factors of 75020330?
2, 5, 7, 11, 97429
What are the prime factors of 176614606?
2, 7, 12615329
List the prime factors of 1935448542.
2, 3, 41, 2622559
List the prime factors of 357226633.
2939, 121547
List the prime factors of 570932477.
20771, 27487
What are the prime factors of 738210550?
2, 5, 7, 11, 17, 11279
What are the prime factors of 1324789248?
2, 3, 862493
List the prime factors of 6808306980.
2, 3, 5, 101, 1123483
List the prime factors of 236084633.
19, 2659, 4673
What are the prime factors of 449780677?
1597, 281641
List the prime factors of 1000460723.
37, 27039479
List the prime factors of 1374159269.
7, 196308467
What are the prime factors of 849797270?
2, 5, 7, 12139961
What are the prime factors of 39760468?
2, 11, 23, 101, 389
What are the prime factors of 8158461364?
2, 17, 719, 166867
List the prime factors of 1469639493.
3, 7, 19, 1227769
What are the prime factors of 156681114?
2, 3, 26113519
List the prime factors of 71677325.
5, 37, 77489
What are the prime factors of 994175773?
1031, 964283
What are the prime factors of 130248299?
157, 593, 1399
List the prime factors of 356653019.
23, 15506653
List the prime factors of 149496369.
3, 11, 4530193
What are the prime factors of 4868464680?
2, 3, 5, 13523513
What are the prime factors of 1677798608?
2, 104862413
What are the prime factors of 338551128?
2, 3, 4702099
What are the prime factors of 69744140?
2, 5, 3487207
List the prime factors of 70810763.
17, 4165339
What are the prime factors of 1316478404?
2, 329119601
List the prime factors of 28802486.
2, 23, 293, 2137
What are the prime factors of 127332154?
2, 63666077
List the prime factors of 3993760.
2, 5, 109, 229
List the prime factors of 102447753.
3, 19, 79, 22751
What are the prime factors of 370103147?
19, 19479113
What are the prime factors of 52583147?
52583147
List the prime factors of 7424688223.
6691, 1109653
List the prime factors of 192431042.
2, 96215521
What are the prime factors of 809920392?
2, 3, 17, 953, 2083
What are the prime factors of 179163147?
3, 59721049
List the prime factors of 525663065.
5, 2099, 50087
List the prime factors of 3481173757.
41, 84906677
List the prime factors of 741598902.
2, 3, 11, 281, 1481
What are the prime factors of 83449214?
2, 41724607
What are the prime factors of 528641207?
528641207
List the prime factors of 1129376663.
19, 59440877
List the prime factors of 117328432.
2, 13, 29, 53, 367
What are the prime factors of 325095352?
2, 17, 61, 149, 263
List the prime factors of 35769889.
35769889
What are the prime factors of 136559941?
7, 19508563
List the prime factors of 1315496939.
19, 4201, 16481
List the prime factors of 66574029.
3, 23, 73, 13217
What are the prime factors of 1106314228?
2, 276578557
What are the prime factors of 227594410?
2, 5, 101, 225341
List the prime factors of 492714102.
2, 3, 82119017
List the prime factors of 744911964.
2, 3, 2299111
What are the prime factors of 62538737?
127, 492431
What are the prime factors of 5148938?
2, 2574469
What are the prime factors of 242519151?
3, 7, 1021, 11311
What are the prime factors of 31201998?
2, 3, 79, 65827
What are the prime factors of 799575409?
157, 421, 12097
List the prime factors of 501630489.
3, 2064323
What are the prime factors of 67829313?
3, 22609771
What are the prime factors of 1835300503?
4273, 429511
List the prime factors of 7247631682.
2, 43, 127, 663581
List the prime factors of 122728629.
3, 40909543
What are the prime factors of 2948592280?
2, 5, 31, 67, 35491
What are the prime factors of 2201772479?
859, 2563181
List the prime factors of 77050638.
2, 3, 7, 87359
What are the prime factors of 268885255?
5, 61, 881591
What are the prime factors of 384531187?
384531187
List the prime factors of 660645775.
5, 3793, 6967
List the prime factors of 42573405.
3, 5, 7, 57923
List the prime factors of 485310873.
3, 161770291
What are the prime factors of 968843344?
2, 7, 139, 62233
List the prime factors of 172300966.
2, 47, 61, 151, 199
What are the prime factors of 2321341609?
47, 79, 211, 2963
List the prime factors of 273395368.
2, 37, 431, 2143
What are the prime factors of 126754669?
17, 43, 317, 547
List the prime factors of 818566667.
83, 9862249
List the prime factors of 118399580.
2, 5, 13, 47, 9689
List the prime factors of 907769911.
23, 39468257
List the prime factors of 404586623.
7, 173, 334093
What are the prime factors of 97791194?
2, 197, 248201
List the prime factors of 172929963.
3, 19, 3033859
List the prime factors of 232985990.
2, 5, 197, 227, 521
List the prime factors of 130568948.
2, 32642237
What are the prime factors of 224020048?
2, 7, 47, 42557
What are the prime factors of 28894605?
3, 5, 151, 12757
What are the prime factors of 1424583181?
7, 2659, 76537
List the prime factors of 183613438.
2, 91806719
List the prime factors of 9611652.
2, 3, 800971
What are the prime factors of 66489804?
2, 3, 1846939
List the prime factors of 150987689.
701, 215389
What are the pr